t a be i(21). Suppose -s = 16 + a. Let z = -50 - s. List the prime factors of z.
3, 5
Suppose 0 = 18*d - 89693 - 43345. List the prime factors of d.
19, 389
Suppose 31*f = -5*f - 8280. What are the prime factors of (f/8)/((-5)/8)?
2, 23
Let v(a) = -a**3 - 23*a**2 - 41*a + 20. Let n be v(-21). List the prime factors of (-1)/((1 - n) + 1740/(-868)).
7, 31
Let h be 114 - (4/(-14) + (-38)/14). Suppose 0 = 7*i - h - 884. What are the prime factors of i?
11, 13
Let h = 34 + -34. Suppose 17*d - 21*d + 28 = h. Suppose 0 = -d*i + 12 + 2. List the prime factors of i.
2
Let l(t) be the first derivative of t**2/2 + 9*t + 11. Let u be l(-4). List the prime factors of (u + -6)/(((-2)/(-107))/(-2)).
107
Let c(p) = p**2 - 17*p - 24. Let z be c(18). Let i(v) = v**2 - 6*v + 3. What are the prime factors of i(z)?
3, 5
Suppose -2*t = -g + 13242 - 579, 3*t = 3*g - 37989. What are the prime factors of g?
3, 7, 67
Suppose 6 - 3 = -f, -3*c - 324 = -3*f. List the prime factors of (c + 0)*2/4*-12.
2, 3, 37
Let x = -1443 - -8590. List the prime factors of x.
7, 1021
Suppose -36*h = 4*h - 200. Suppose -l - 3712 = -h*p, 3*p + 237 = 3*l + 2469. List the prime factors of p.
2, 7, 53
Let p(d) = 16 - 117*d + 7*d + 14. What are the prime factors of p(-3)?
2, 3, 5
Let c(n) = 123*n**3 - 2*n**2 + 19*n + 2. What are the prime factors of c(5)?
2, 11, 701
Let x(k) = 7*k**2 + 11*k + 28. Let g be x(-8). Suppose -14*t = -11*t, -2*c + 2*t = -g. What are the prime factors of c?
2, 97
Suppose 149 = -2*x - 5*o, -11 = 2*o - 5. List the prime factors of (-8)/(x - -11) + 7222/14.
2, 3, 43
Let k(q) = -355*q + 51. Let c be k(8). Let i = 4003 + c. List the prime factors of i.
2, 607
Suppose 14*w - 124 - 1290 = 0. Suppose w*l = 99*l + 278. What are the prime factors of l?
139
Let j = -9450 - -46312. List the prime factors of j.
2, 7, 2633
Suppose -68*n + 66*n = 4*m - 83852, 0 = -m + 5*n + 20952. List the prime factors of m.
2, 47, 223
Let r be (1 + 0 - -4)*12/5. Suppose r*y = 14*y - 6. List the prime factors of 4 + -3 + 3 + y.
7
Let a = 1098 + -1098. Let x(o) be the third derivative of o**5/60 - o**4/4 + 34*o**3/3 + o**2. What are the prime factors of x(a)?
2, 17
Suppose 20 + 64 = -3*u. What are the prime factors of (-128)/(-12)*(-2037)/u?
2, 97
Let f(p) = 4*p - 36. Let n = 15 - 20. Let l(x) = -x**3 - 4*x**2 + x - 1. Let v be l(n). What are the prime factors of f(v)?
2, 5
Suppose -4*i = 4*m - 0*m - 24, 0 = -3*m - 5*i + 10. Let r(v) = -v**3 + 8*v**2 + 22*v - 7. Let d be r(m). What are the prime factors of (-161 + d)/(16/(-6) + 2)?
2, 3, 37
Suppose -j = -5*b - 25, 2*b + 33 - 11 = -2*j. Let l be 40/3 - b/9. Let m = l - -12. What are the prime factors of m?
2, 13
Let w(f) = -19*f - 75. Let o be w(-4). List the prime factors of -1 + (-10 - -8)*(o + -295).
587
Suppose -18*t + 231*t = 1139124. List the prime factors of t.
2, 7, 191
Let p(o) = 2*o**3 - 17*o**2 - 36*o + 132. What are the prime factors of p(16)?
2, 3, 283
List the prime factors of (-2 - (-52)/24)*(-7 - -8)*542406.
90401
What are the prime factors of 605870/110 - 9/18*6/(-33)?
2, 3, 17
Suppose -660*n - 39234 = -672*n + 1998. What are the prime factors of n?
2, 859
Let j = 100289 - 63756. What are the prime factors of j?
7, 17, 307
Let v = 25 + -28. Let k(p) = -3*p + 2. Let o be k(v). List the prime factors of o + 6/(-3) - 3.
2, 3
List the prime factors of 12/(-3 - 1/(7090/(-21290))).
2, 3, 709
What are the prime factors of (-1277010)/(-55) + -13 + 8/(-22)?
3, 5, 7, 13, 17
Suppose 8952 = 15*l + 8*l - 547855. List the prime factors of l.
43, 563
Let q(b) = b**3 - 10*b**2 - 8*b - 11. Let g be q(11). Suppose -88 = 11*s - g. What are the prime factors of (s/15*124)/(10/(-25))?
2, 31
Let b be -5 - (-5 - 1) - (5 - 1). List the prime factors of (-93 - 31)/(1/b).
2, 3, 31
Let c(b) = 7*b**2 + 2*b - 8. Let u be c(6). Suppose g - u = -5*x, 3*g + 5*x = 719 + 89. Let s = g + -169. List the prime factors of s.
107
Let b(s) be the second derivative of -s**4/12 - 9*s**3/2 + 2*s**2 - 3*s. Let r be b(-27). What are the prime factors of (-2)/(-1) + 100 + r?
2, 53
Suppose -8*l = 3*l - 5*l. Let x(p) = -p**3 + 4*p**2 + 5*p + 3. Let j be x(5). Suppose j*k - 471 - 66 = l. List the prime factors of k.
179
Let n(v) = 17*v**2 - 30*v - 759. What are the prime factors of n(36)?
3, 53, 127
Let r be 5/(150/24) - (-84)/(-30). List the prime factors of (62/4)/(r/(-92)).
23, 31
Let f(l) = l**2 + l + 39. Let d be f(-14). Suppose -d*i = -208*i - 7280. List the prime factors of i.
2, 5, 7
Let g(f) be the third derivative of -19*f**4/24 + 13*f**3/3 + f**2. Suppose -b = -2*q - 18, -2 = 726*q - 725*q - 4*b. What are the prime factors of g(q)?
2, 3
Suppose -5*h - 140 - 227 = -n, -4*n - 2*h + 1358 = 0. Suppose n + 1247 = r. What are the prime factors of r?
7, 227
Let r(c) = -855*c + 369. List the prime factors of r(-12).
3, 1181
Let b(q) = -28*q - 254. Let v be b(-32). Let t = v - 339. What are the prime factors of t?
3, 101
Let z = -71 + 148. Suppose 3*k = 85 + z. Let c = -32 + k. What are the prime factors of c?
2, 11
Suppose -50*b + 4586605 = 1289205. List the prime factors of b.
2, 16487
Suppose 3*a + 9 = 0, -2*g + 4*g = 2*a - 2. Let j(b) = 21*b**2 + 9*b + 16. What are the prime factors of j(g)?
2, 79
Suppose 14*f = 20*f - 186. Suppose -189 = -n + f. List the prime factors of n.
2, 5, 11
Let k(b) = -9*b + 251. Let q = 330 + -330. What are the prime factors of k(q)?
251
Let c be 2/(3 + -5)*17. Let f(a) = a**3 - 17*a**2 + 17*a - 12. Let u be f(16). What are the prime factors of (-32*u)/(c - -15)?
2
Suppose -5*k - 20 - 5 = 0, 0 = 2*u + 5*k + 21. What are the prime factors of (u + 14*-32)*24/(-24)?
2, 223
Suppose -6*s + 56 = -4. Suppose 13*x - 12 = s*x. Suppose 3*c = -x*r + 5*r + 725, -968 = -4*c + r. What are the prime factors of c?
3
Suppose 0 = 1321*x - 1314*x. Let y(k) = -k**2 + 17 + k - 6*k + k. List the prime factors of y(x).
17
Suppose -8*n + 17*n - 54 = 0. Suppose n*j - 3*v + 685 = 7*j, 3*v = -5*j + 3437. List the prime factors of j.
2, 43
Suppose 0*n = 3*n - 372. Let y = 81 - 31. Suppose f - y = n. What are the prime factors of f?
2, 3, 29
Suppose -8*g + 4*g - 168 = 0. Let x be (14/g)/(1/(-285)). Let h = x + -34. What are the prime factors of h?
61
Let r(w) be the first derivative of -w**5/60 - w**4 + w**3/6 - 3*w**2 + 5. Let q(n) be the second derivative of r(n). List the prime factors of q(-18).
109
Let i(z) = 2*z**2 + 29*z + 17908. List the prime factors of i(0).
2, 11, 37
Let g = 837 + -795. List the prime factors of g/357 - (-865)/17.
3, 17
Let d(q) = 4*q**3 - q**2 + 14*q + 159. What are the prime factors of d(12)?
3, 5, 11, 43
Suppose 0 = -3*k - 5*f + 605, -2*f - 10 = -18. What are the prime factors of k?
3, 5, 13
Let a(k) = k**3 + 4*k**2 - 9*k - 12. Let t be a(-6). List the prime factors of 211/(3 + 85/t).
2, 3, 211
Let t(l) = -6*l + 201. Let i be t(33). Suppose -4*w + 2461 = i*q, -9 + 3 = -2*q. List the prime factors of w.
613
Let h be 4/14 + (-26)/(-7). What are the prime factors of h*9/(-12) - -312?
3, 103
Suppose 0 = 6*h - 0*h - 678. Suppose h*a - 3248 = 109*a. List the prime factors of a.
2, 7, 29
List the prime factors of ((-2)/(-4))/(((-26)/(-25356))/13).
3, 2113
Let m(g) be the second derivative of g**5/20 + 101*g**2/2 - 19*g. Let d be m(0). Let p = -58 + d. List the prime factors of p.
43
Let j = 9135 + -4496. List the prime factors of j.
4639
What are the prime factors of (50704/(-24))/(2/(-60))?
2, 5, 3169
Suppose -23*w + 21894 + 56536 = 0. What are the prime factors of w?
2, 5, 11, 31
Let f(b) = -6762*b - 2073. List the prime factors of f(-5).
3, 71, 149
Suppose 0 = u + 2*h - 10124, 8*u = 13*u - 5*h - 50635. What are the prime factors of u?
2, 61, 83
List the prime factors of 9689*(-1 - -2) + (-23)/(-23).
2, 3, 5, 17, 19
Let x be (-95)/2*36/(-2). Suppose 8*r - x = 3*r. What are the prime factors of (-2 - -2) + (r - -3)?
2, 3, 29
Let r = -1 - -8. Suppose -7*s - r = -6*s. Let i = s - -85. What are the prime factors of i?
2, 3, 13
Let x = -13083 - -6876. List the prime factors of (-3)/(-9) - x/9.
2, 3, 5, 23
Let g = -16118 - -24198. What are the prime factors of g?
2, 5, 101
Suppose 5*d = -210 + 235, -3*x = -d - 12850. List the prime factors of x.
5, 857
Let u(v) = -v**2 - 8*v - 12. Let c be u(-2). Suppose z + 145 = y - z, 4*y + 2*z - 620 = c. What are 